2
In base 8, what is 710565 + 5?
710572
In base 7, what is 533 - 566555?
-566022
In base 6, what is -21123 - -122342?
101215
In base 11, what is 5 + -4514474?
-451446a
In base 13, what is 85b - 1507?
-979
In base 2, what is -1111101011011 - 110001010011000000?
-110011010000011011
In base 6, what is 1130 + 212405?
213535
In base 4, what is 1 - 2323012020333?
-2323012020332
In base 8, what is 452352 + 456?
453030
In base 10, what is -11 - -2452880?
2452869
In base 7, what is 140 - 34564432?
-34564262
In base 8, what is 273 - -26?
321
In base 15, what is -3 - -1d500e?
1d500b
In base 3, what is -2221021122120 - 12000?
-2221021211120
In base 4, what is 32132 - 30131331?
-30033133
In base 6, what is 2343041 + -4253?
2334344
In base 14, what is 127b5 - 769?
1204a
In base 11, what is 6 - aa90a7?
-aa90a1
In base 2, what is -11100001110001011111 - 101001?
-11100001110010001000
In base 11, what is 520090 + 212?
5202a2
In base 2, what is -10001011010100001101001101010 - 101?
-10001011010100001101001101111
In base 8, what is -325126746 + -1?
-325126747
In base 2, what is 1 + -1000011011101101111111000100?
-1000011011101101111111000011
In base 15, what is -b9954 + -123?
-b9a77
In base 8, what is 25 + 7320400?
7320425
In base 3, what is 210 + -10002212120010?
-10002212112100
In base 2, what is 10100001 - -10100011011110?
10100101111111
In base 13, what is -13 + -25924?
-25937
In base 2, what is 110110001111001010110110 - 0?
110110001111001010110110
In base 5, what is -31 + -40122114?
-40122200
In base 12, what is 400057 + 19?
400074
In base 11, what is 174 - 78182?
-78009
In base 7, what is 15350502 + 1003?
15351505
In base 7, what is 21 - 30055536?
-30055515
In base 3, what is 20210202102 - -11012?
20210220121
In base 5, what is -322113443 - 122?
-322114120
In base 12, what is -455 - -3603?
316a
In base 16, what is 66e - 29e3?
-2375
In base 7, what is 45044 + 24230?
102304
In base 11, what is -8 - -268759?
268751
In base 10, what is 0 - -1162382?
1162382
In base 7, what is -22331161 - -61?
-22331100
In base 14, what is -35 - db8aca?
-db8b21
In base 14, what is 31db606 - 4?
31db602
In base 15, what is 17695 - -48e?
17b34
In base 6, what is -414412 + 1025?
-413343
In base 13, what is -421a3 + -193?
-42366
In base 6, what is -150554405 + -102?
-150554511
In base 3, what is 210210021 - 122002101?
11200220
In base 15, what is -3c60 - 1131e?
-1507e
In base 8, what is 274555021 + 0?
274555021
In base 9, what is 803577 - 1232?
802345
In base 4, what is 12332332 + -133113?
12133213
In base 13, what is -4266 - -31bb?
-1078
In base 12, what is -5b2b86 - -9?
-5b2b79
In base 2, what is -1000110101111 - -101010011000?
-11100010111
In base 10, what is 0 + -12694943?
-12694943
In base 3, what is 1022011 + -102210120?
-101111102
In base 10, what is -1414 + -11447?
-12861
In base 10, what is -1398 - -30319?
28921
In base 6, what is 2151 + -11540523?
-11534332
In base 13, what is 2 + 2098a81?
2098a83
In base 2, what is 10001 - 1011010000011001000000000?
-1011010000011000111101111
In base 7, what is -20 + 146614012?
146613662
In base 14, what is 85 - 7815?
-7770
In base 12, what is -189 - 12a2b0?
-12a479
In base 16, what is 5 + -3ea0de?
-3ea0d9
In base 5, what is 134114 + -3344?
130220
In base 3, what is -210222111000001 - 12?
-210222111000020
In base 8, what is 17737 + 5023?
24762
In base 15, what is -11b5 - b3b?
-1d01
In base 11, what is -12113586 + 8?
-12113579
In base 16, what is 1 - -d478d?
d478e
In base 12, what is -32b79 - -289?
-328b0
In base 9, what is 22626235 + 136?
22626372
In base 14, what is -2a91 - 138dd?
-16590
In base 6, what is -105115 - -12103?
-53012
In base 9, what is -160364 + 181?
-160173
In base 5, what is -12440343 + -3334?
-12444232
In base 6, what is 1445 - -1254553?
1300442
In base 3, what is -22211 - -10011202?
2211221
In base 12, what is 702a2760 - 6?
702a2756
In base 3, what is 2022012120 - -1100221?
2100120111
In base 13, what is -13b563 + -10?
-13b573
In base 13, what is -3 - 1c3084?
-1c3087
In base 10, what is 72 + 2291046?
2291118
In base 13, what is -cb6 - -532?
-784
In base 12, what is 2436ba9 - -38?
2437025
In base 5, what is 414 + 232303444?
232304413
In base 9, what is -10770204 - 18?
-10770223
In base 13, what is 30 - -5729?
5759
In base 13, what is 55 + 1c031a?
1c0372
In base 5, what is 10110123 - -4310?
10114433
In base 9, what is 17233120 + 4?
17233124
In base 9, what is -1662 + -636673?
-638445
In base 10, what is -4 + -60928234?
-60928238
In base 14, what is 8791 + -26?
8769
In base 13, what is 5617 - 177b?
3b69
In base 4, what is 2 + -20231212003?
-20231212001
In base 9, what is -2542 + 8761?
6218
In base 2, what is 100 - -10011110100101010101000010?
10011110100101010101000110
In base 6, what is -104 - -152245314?
152245210
In base 12, what is 12 + -27373b8?
-27373a6
In base 4, what is -20332111221 + 200?
-20332111021
In base 16, what is -17a85 + 21f6?
-1588f
In base 4, what is 0 + 3200331000?
3200331000
In base 5, what is 1 - 3010034013?
-3010034012
In base 6, what is 132105120 + 3?
132105123
In base 16, what is c86 - 843?
443
In base 9, what is -3 - -4367248?
4367245
In base 11, what is -66 - 833754?
-83380a
In base 2, what is -11011000100100001110 - 101111101?
-11011000101010001011
In base 15, what is 280 - -4445?
46c5
In base 15, what is 3 - -35d5795?
35d5798
In base 7, what is -6516 - 56310?
-66126
In base 6, what is 4130 - 2140100?
-2131530
In base 3, what is 10200200022 + 1212?
10200202011
In base 11, what is 4a2846a9 - 1?
4a2846a8
In base 7, what is 4 + -23026154?
-23026150
In base 9, what is 1584 - -462324?
464018
In base 15, what is a + 972ce?
972d9
In base 13, what is -412cc63 - 16?
-412cc79
In base 11, what is -94a6839 + -4?
-94a6842
In base 6, what is -245 + 25132522?
25132233
In base 14, what is 67689 - 378?
67311
In base 11, what is -1a3a912 + -3?
-1a3a915
In base 3, what is 11001012002 + 10021?
11001022100
In base 14, what is 102a8 + -6?
102a2
In base 10, what is 73 - 10869?
-10796
In base 11, what is 430 + 3643?
3a73
In base 14, what is -3d572b7 - -3?
-3d572b4
In base 11, what is -2412 + 9660?
7249
In base 14, what is 4d51 - 725b?
-230a
In base 3, what is -2100010120111 - 12?
-2100010120200
In base 13, what is -1968 - -822a?
6592
In base 11, what is -a - -522451?
522442
In base 7, what is 344 + 41015132?
41015506
In base 16, what is -11e - -24c40b?
24c2ed
In base 11, what is -1095284a - 2?
-10952851
In base 12, what is 1597017 + 2?
1597019
In base 7, what is -12 + 44456336?
44456324
In base 8, what is 17716251 - 2?
17716247
In base 9, what is -1025657 - 23?
-1025681
In base 10, what is 11347071 - -2?
11347073
In base 8, what is 217 + -23133027?
-23132610
In base 15, what is -79 - 42a65?
-42ade
In base 4, what is 2001213231 - -10001?
2001223232
In base 5, what is 342 + 204222413?
204223310
In base 13, what is -256cb7a58 - 3?
-256cb7a5b
In base 13, what is 32223 + -477?
31a79
In base 7, what is 113 + 14340051?
14340164
In base 2, what is -1011011010101 + 1011100101?
-1001111110000
In base 13, what is -2 - -a0a916?
a0a914
In base 11, what is 1 - -a81651?
a81652
In base 16, what is af20de6 + 4?
af20dea
In base 15, what is -c4d6b + 217?
-c4b54
In base 16, what is -79 + -2f0e?
-2f87
In base 12, what is -929008 - -39?
-928b8b
In base 14, what is -3a9 - -225aa?
22201
In base 4, what is -13 - -2332022131?
2332022112
In base 2, what is 101111001000 - 10101100000?
11001101000
In base 11, what is -3 + -1a80a17?
-1a80a1a
In base 5, what is -3 + 1221111012?
1221111004
In base 8, what is 26527 + -3357?
23150
In base 14, what is 19 - c882b0?
-c88295
In base 16, what is -e - -17e493?
17e485
In base 8, what is -364746 + 276?
-364450
In base 9, what is -4034 + -373422?
-377456
In base 11, what is 305a + 13614?
16673
In base 4, what is 1301221 + -1212?
1300003
In base 10, what is 157886 - 2172?
155714
In base 12, what is -47 - -75bb41?
75bab6
In base 11, what is -529763 - -2a?
-529734
In base 8, what is -150255035 + -16?
-150255053
In base 15, what is 77 - -1c5ad?
1c635
In base 9, what is -55872214 + 7?
-55872206
In base 7, what is 23 + 13323013?
13323036
In base 2, what is 1000001010110000110000 - -11111?
1000001010110001001111
In base 15, what is 1436922 + 0?
1436922
In base 16, what is 888812 - 1?
888811
In base 16, what is 1